{"id":29,"date":"2023-06-06T06:16:39","date_gmt":"2023-06-06T06:16:39","guid":{"rendered":"https:\/\/schody-prondzinski.pl\/?page_id=29"},"modified":"2023-07-11T06:42:11","modified_gmt":"2023-07-11T06:42:11","slug":"strona-glowna","status":"publish","type":"page","link":"https:\/\/schody-prondzinski.pl\/","title":{"rendered":"Strona g\u0142\u00f3wna"},"content":{"rendered":"\n<div class=\"wp-block-cover alignfull has-parallax\" style=\"min-height:700px\"><span aria-hidden=\"true\" class=\"wp-block-cover__background has-background-dim-40 has-background-dim\"><\/span><div role=\"img\" class=\"wp-block-cover__image-background wp-image-134 has-parallax\" style=\"background-position:50% 50%;background-image:url(https:\/\/schody-prondzinski.pl\/wp-content\/uploads\/2023\/06\/326410225_668800804930049_6229278612610882612_n.jpg)\"><\/div><div class=\"wp-block-cover__inner-container is-layout-flow wp-block-cover-is-layout-flow\">\n<h1 class=\"wp-block-heading has-text-align-center\" style=\"font-style:normal;font-weight:400\">Producent schod\u00f3w <br>Tomasz Prondzinski <\/h1>\n\n\n\n<div class=\"wp-block-buttons is-horizontal is-content-justification-center is-layout-flex wp-container-core-buttons-layout-1 wp-block-buttons-is-layout-flex\">\n<div class=\"wp-block-button is-style-primary hvr-grow\"><a class=\"wp-block-button__link wp-element-button\" href=\"https:\/\/schody-prondzinski.pl\/?page_id=80\">Galeria<\/a><\/div>\n\n\n\n<div class=\"wp-block-button is-style-secondary hvr-grow\"><a class=\"wp-block-button__link wp-element-button\" href=\"https:\/\/schody-prondzinski.pl\/?page_id=31\">Kontakt<\/a><\/div>\n<\/div>\n<\/div><\/div>\n\n\n\n<div class=\"wp-block-cover alignfull is-light is-repeated\" style=\"min-height:490px\"><span aria-hidden=\"true\" class=\"wp-block-cover__background has-nv-dark-bg-background-color has-background-dim\"><\/span><div class=\"wp-block-cover__inner-container is-layout-flow wp-block-cover-is-layout-flow\">\n<div class=\"wp-block-group is-layout-flow wp-block-group-is-layout-flow\">\n<div class=\"wp-block-columns are-vertically-aligned-center is-layout-flex wp-container-core-columns-layout-1 wp-block-columns-is-layout-flex\">\n<div class=\"wp-block-column is-vertically-aligned-center is-layout-flow wp-block-column-is-layout-flow\" style=\"flex-basis:50%\">\n<div class=\"wp-block-kevinbatdorf-animate-in-view\" animatein=\"animate-in-view\" enabled=\"1\" once=\"1\" direction=\"-1\" threshold=\"1\" timing=\"1\" offset=\"2rem\">\n<figure class=\"wp-block-image size-full\"><img loading=\"lazy\" decoding=\"async\" width=\"500\" height=\"500\" src=\"https:\/\/schody-prondzinski.pl\/wp-content\/uploads\/2023\/06\/prondzinski-2.png\" alt=\"\" class=\"wp-image-163\" srcset=\"https:\/\/schody-prondzinski.pl\/wp-content\/uploads\/2023\/06\/prondzinski-2.png 500w, https:\/\/schody-prondzinski.pl\/wp-content\/uploads\/2023\/06\/prondzinski-2-300x300.png 300w, https:\/\/schody-prondzinski.pl\/wp-content\/uploads\/2023\/06\/prondzinski-2-150x150.png 150w\" sizes=\"(max-width: 500px) 100vw, 500px\" \/><\/figure>\n<\/div>\n<\/div>\n\n\n\n<div class=\"wp-block-column is-vertically-aligned-center is-layout-flow wp-block-column-is-layout-flow\" style=\"flex-basis:50%\">\n<div style=\"height:40px\" aria-hidden=\"true\" class=\"wp-block-spacer\"><\/div>\n\n\n\n<div class=\"wp-block-kevinbatdorf-animate-in-view\" animatein=\"animate-in-view\" enabled=\"1\" once=\"1\" direction=\"1\" threshold=\"1\" timing=\"1\" offset=\"2rem\">\n<h2 class=\"wp-block-heading has-text-align-left has-nv-text-dark-bg-color has-text-color\">Kr\u00f3tko o nas&#8230;<\/h2>\n<\/div>\n\n\n\n<div class=\"wp-block-kevinbatdorf-animate-in-view\" animatein=\"animate-in-view\" enabled=\"1\" once=\"1\" direction=\"1\" threshold=\"1\" timing=\"1\" offset=\"2rem\">\n<p class=\"has-text-align-left has-foreground-color has-text-color\" style=\"font-size:17px\">Produkcj\u0105 schod\u00f3w zajmujemy si\u0119 od 1996 roku. <br>Setki zadowolonych klient\u00f3w! <br>Kliknij przycisk poni\u017cej, aby dowiedzie\u0107 si\u0119 o nas czego\u015b wi\u0119cej!<\/p>\n<\/div>\n\n\n\n<div class=\"wp-block-kevinbatdorf-animate-in-view\" animatein=\"animate-in-view\" enabled=\"1\" once=\"1\" direction=\"1\" threshold=\"1\" timing=\"1\" offset=\"2rem\">\n<div class=\"wp-block-buttons is-content-justification-left is-layout-flex wp-container-core-buttons-layout-2 wp-block-buttons-is-layout-flex\">\n<div class=\"wp-block-button is-style-primary hvr-grow\"><a class=\"wp-block-button__link wp-element-button\" href=\"https:\/\/schody-prondzinski.pl\/?page_id=30\">Czytaj wi\u0119cej&#8230;<\/a><\/div>\n<\/div>\n<\/div>\n<\/div>\n<\/div>\n<\/div>\n<\/div><\/div>\n\n\n\n<div class=\"wp-block-kevinbatdorf-animate-in-view\" animatein=\"animate-in-view\" enabled=\"0\" once=\"1\" direction=\"0\" threshold=\"1\" timing=\"1\" offset=\"2rem\">\n<div class=\"wp-block-columns is-layout-flex wp-container-core-columns-layout-2 wp-block-columns-is-layout-flex\">\n<div class=\"wp-block-column is-layout-flow wp-block-column-is-layout-flow\">\n<figure class=\"wp-block-image aligncenter is-resized icon-style is-style-default\"><img loading=\"lazy\" decoding=\"async\" src=\"https:\/\/schody-prondzinski.pl\/wp-content\/themes\/neve\/assets\/img\/starter-content\/icon-03.svg\" alt=\"\" width=\"48\" height=\"48\"\/><\/figure>\n\n\n\n<div style=\"height:20px\" aria-hidden=\"true\" class=\"wp-block-spacer\"><\/div>\n\n\n\n<h3 class=\"wp-block-heading has-text-align-center has-neve-text-color-color has-text-color\">Darmowa<br>wycena<\/h3>\n\n\n\n<div style=\"height:20px\" aria-hidden=\"true\" class=\"wp-block-spacer\"><\/div>\n<\/div>\n\n\n\n<div class=\"wp-block-column is-layout-flow wp-block-column-is-layout-flow\">\n<figure class=\"wp-block-image aligncenter icon-style is-style-default\"><img decoding=\"async\" src=\"https:\/\/schody-prondzinski.pl\/wp-content\/themes\/neve\/assets\/img\/starter-content\/icon-02.svg\" alt=\"\"\/><\/figure>\n\n\n\n<div style=\"height:27px\" aria-hidden=\"true\" class=\"wp-block-spacer\"><\/div>\n\n\n\n<h3 class=\"wp-block-heading has-text-align-center has-neve-text-color-color has-text-color\">Zawsze <br>na czas<\/h3>\n\n\n\n<div style=\"height:20px\" aria-hidden=\"true\" class=\"wp-block-spacer\"><\/div>\n<\/div>\n\n\n\n<div class=\"wp-block-column is-layout-flow wp-block-column-is-layout-flow\">\n<figure class=\"wp-block-image aligncenter is-resized has-custom-border icon-style is-style-default\"><img loading=\"lazy\" decoding=\"async\" src=\"https:\/\/schody-prondzinski.pl\/wp-content\/themes\/neve\/assets\/img\/starter-content\/icon-01.svg\" alt=\"\" style=\"border-style:none;border-width:0px\" width=\"48\" height=\"48\"\/><\/figure>\n\n\n\n<div style=\"height:20px\" aria-hidden=\"true\" class=\"wp-block-spacer\"><\/div>\n\n\n\n<h3 class=\"wp-block-heading has-text-align-center has-neve-text-color-color has-text-color\">Szybka<br>realizacja<\/h3>\n\n\n\n<div style=\"height:20px\" aria-hidden=\"true\" class=\"wp-block-spacer\"><\/div>\n<\/div>\n<\/div>\n<\/div>\n\n\n\n<div class=\"wp-block-cover alignfull is-light\" style=\"min-height:477px\"><span aria-hidden=\"true\" class=\"wp-block-cover__background has-nv-site-bg-background-color has-background-dim-100 has-background-dim\"><\/span><div class=\"wp-block-cover__inner-container is-layout-flow wp-block-cover-is-layout-flow\">\n<div class=\"wp-block-group is-layout-flow wp-block-group-is-layout-flow\">\n<h2 class=\"wp-block-heading has-neve-text-color-color has-text-color\">Przyk\u0142adowe realizacje&#8230;<\/h2>\n\n\n\n<div class=\"wp-block-columns are-vertically-aligned-center is-layout-flex wp-container-core-columns-layout-3 wp-block-columns-is-layout-flex\">\n<div class=\"wp-block-column is-vertically-aligned-center is-layout-flow wp-block-column-is-layout-flow\" style=\"flex-basis:50%\">\n<div class=\"wp-block-kevinbatdorf-animate-in-view\" animatein=\"animate-in-view\" enabled=\"0\" once=\"1\" direction=\"-1\" threshold=\"1\" timing=\"1\" offset=\"2rem\">\n<figure class=\"wp-block-image size-large hvr-glow\"><a href=\"https:\/\/schody-prondzinski.pl\/?page_id=80\"><img loading=\"lazy\" decoding=\"async\" width=\"768\" height=\"1024\" src=\"https:\/\/schody-prondzinski.pl\/wp-content\/uploads\/2023\/06\/300795950_142002838526529_6180844636555508182_n-768x1024.jpg\" alt=\"schody czarne lustrzane\" class=\"wp-image-133\" srcset=\"https:\/\/schody-prondzinski.pl\/wp-content\/uploads\/2023\/06\/300795950_142002838526529_6180844636555508182_n-768x1024.jpg 768w, https:\/\/schody-prondzinski.pl\/wp-content\/uploads\/2023\/06\/300795950_142002838526529_6180844636555508182_n-225x300.jpg 225w, https:\/\/schody-prondzinski.pl\/wp-content\/uploads\/2023\/06\/300795950_142002838526529_6180844636555508182_n-1152x1536.jpg 1152w, https:\/\/schody-prondzinski.pl\/wp-content\/uploads\/2023\/06\/300795950_142002838526529_6180844636555508182_n.jpg 1536w\" sizes=\"(max-width: 768px) 100vw, 768px\" \/><\/a><\/figure>\n<\/div>\n<\/div>\n\n\n\n<div class=\"wp-block-column is-vertically-aligned-center is-layout-flow wp-block-column-is-layout-flow\" style=\"flex-basis:50%\">\n<div class=\"wp-block-kevinbatdorf-animate-in-view\" animatein=\"animate-in-view\" enabled=\"0\" once=\"1\" direction=\"1\" threshold=\"1\" timing=\"1\" offset=\"2rem\">\n<figure class=\"wp-block-image size-large hvr-glow\"><a href=\"https:\/\/schody-prondzinski.pl\/?page_id=80\"><img loading=\"lazy\" decoding=\"async\" width=\"768\" height=\"1024\" src=\"https:\/\/schody-prondzinski.pl\/wp-content\/uploads\/2023\/06\/312334610_146213348149207_4938280545844982023_n-768x1024.jpg\" alt=\"schody czarno bia\u0142e\" class=\"wp-image-127\" srcset=\"https:\/\/schody-prondzinski.pl\/wp-content\/uploads\/2023\/06\/312334610_146213348149207_4938280545844982023_n-768x1024.jpg 768w, https:\/\/schody-prondzinski.pl\/wp-content\/uploads\/2023\/06\/312334610_146213348149207_4938280545844982023_n-225x300.jpg 225w, https:\/\/schody-prondzinski.pl\/wp-content\/uploads\/2023\/06\/312334610_146213348149207_4938280545844982023_n-1152x1536.jpg 1152w, https:\/\/schody-prondzinski.pl\/wp-content\/uploads\/2023\/06\/312334610_146213348149207_4938280545844982023_n.jpg 1536w\" sizes=\"(max-width: 768px) 100vw, 768px\" \/><\/a><\/figure>\n<\/div>\n<\/div>\n<\/div>\n<\/div>\n<\/div><\/div>\n","protected":false},"excerpt":{"rendered":"","protected":false},"author":1,"featured_media":0,"parent":0,"menu_order":0,"comment_status":"closed","ping_status":"closed","template":"","meta":{"_eb_attr":"","footnotes":""},"_links":{"self":[{"href":"https:\/\/schody-prondzinski.pl\/index.php?rest_route=\/wp\/v2\/pages\/29"}],"collection":[{"href":"https:\/\/schody-prondzinski.pl\/index.php?rest_route=\/wp\/v2\/pages"}],"about":[{"href":"https:\/\/schody-prondzinski.pl\/index.php?rest_route=\/wp\/v2\/types\/page"}],"author":[{"embeddable":true,"href":"https:\/\/schody-prondzinski.pl\/index.php?rest_route=\/wp\/v2\/users\/1"}],"replies":[{"embeddable":true,"href":"https:\/\/schody-prondzinski.pl\/index.php?rest_route=%2Fwp%2Fv2%2Fcomments&post=29"}],"version-history":[{"count":120,"href":"https:\/\/schody-prondzinski.pl\/index.php?rest_route=\/wp\/v2\/pages\/29\/revisions"}],"predecessor-version":[{"id":404,"href":"https:\/\/schody-prondzinski.pl\/index.php?rest_route=\/wp\/v2\/pages\/29\/revisions\/404"}],"wp:attachment":[{"href":"https:\/\/schody-prondzinski.pl\/index.php?rest_route=%2Fwp%2Fv2%2Fmedia&parent=29"}],"curies":[{"name":"wp","href":"https:\/\/api.w.org\/{rel}","templated":true}]}}